 x and h.
4
Let n = 7 - -6. Suppose -3*o = -8*o + 325. What is the highest common factor of n and o?
13
Let h(z) = 19*z**2 - 2*z + 1. Let c be h(1). What is the greatest common divisor of 3 and c?
3
Let y = 49 + -29. Suppose 3*b = -b - y, -30 = -5*c + 3*b. Calculate the greatest common factor of c and 24.
3
Let d(j) = j**2 - 4*j - 5. Let q be d(5). Suppose 3*s = 3*r + 6, q = 4*s - 6*r + 3*r - 7. What is the greatest common divisor of s and 3?
1
Suppose 2*y + 15 = 5*y, 4*y = -i + 33. What is the greatest common divisor of 52 and i?
13
Let p = -7 + 48. Suppose 7 = 3*s - p. Calculate the greatest common factor of 16 and s.
16
Let i(r) = 3*r + 4. Suppose 2*g - 4 - 8 = 0. Let k be i(g). Let p be k/(((-3)/(-2))/3). Calculate the greatest common factor of 11 and p.
11
Suppose 0*l + w = -4*l + 94, 0 = 2*w + 4. Let y = 313 - 145. Calculate the greatest common divisor of l and y.
24
Let r(o) = o**3 - 3*o - 2. Let c be r(5). Let j = 21 - 9. What is the highest common factor of c and j?
12
Suppose -2 = 2*t - 30. What is the highest common factor of t and 126?
14
Let d(c) = 3*c - 1. Let o be d(1). Let f = o + 0. Suppose -18 = -4*r + f. Calculate the highest common divisor of 5 and r.
5
Let m = 0 - -4. Let n be 4 - (m/2 + -1). Suppose -n*w = -2*v + 37, 52 = 4*v - 4*w - 12. Calculate the highest common divisor of v and 77.
11
Let k be 8/4*(-86)/(-4). Suppose -4*g + 16 = 0, 2*g - 11 = 5*c - k. Let s be (-4)/(-2) - (-72)/c. Calculate the greatest common factor of 121 and s.
11
Let v be 2 + -4 - (-5 + -1). Let z(o) = -o**2 + 10*o - 8. Let x be z(9). Calculate the greatest common factor of x and v.
1
Suppose 8 = 2*y - 2*i - 18, 4*y = i + 49. Suppose -4*n - 3*v + 204 = 0, 5*n + v - 374 + 130 = 0. What is the greatest common factor of y and n?
12
Let z(o) = -9*o + 0*o - 9*o + 20 + 17*o. Let n be z(6). Calculate the greatest common divisor of 112 and n.
14
Suppose 7*u - 3*u = 144. Let d be u/(-8)*-2*1. What is the highest common divisor of d and 9?
9
Let j(h) = 6*h - 11. Suppose 17 = i + 4*l, i + 0*l - 2*l = -1. Let k be j(i). What is the greatest common divisor of k and 171?
19
Let j be 4/(-6) + 196/6. What is the greatest common divisor of j and 8?
8
Let x(r) = -r - 3. Let t be x(-5). Let n(v) = -3*v + 6*v + 8 - 4*v + 0*v - v**t. Let m be n(0). Calculate the highest common divisor of 2 and m.
2
Let c = 18 + -6. What is the highest common divisor of c and 6?
6
Let d be (5 + 9)/(1 - -1). Let b(q) = -7*q + 4 - d*q - 7*q. Let i be b(-4). What is the greatest common divisor of i and 11?
11
Let j be (-52)/(-10) - 3/15. Suppose -20 = -3*h + h. What is the greatest common divisor of h and j?
5
Let w(y) be the first derivative of y**3/3 + 7*y**2/2 + 2*y - 1. Suppose 5*q - 11 + 46 = 0. Let s be w(q). What is the highest common divisor of 5 and s?
1
Let r be (24/30)/((-2)/10). Let n = 18 - r. What is the highest common factor of 44 and n?
22
Let f(b) = -b**3 - 12*b**2 + 11*b - 6. Let r be f(-13). Calculate the highest common factor of 80 and r.
20
Suppose -4*c - 4*i + 36 = 0, -c + 46 = 4*c + 4*i. Let r(v) = v**3 - 10*v**2 + v - 1. Let g be r(c). What is the greatest common factor of 9 and g?
9
Let r = 6 - -1. Let k = r - 5. Let x be (13 + 4/k)*3. Calculate the highest common factor of x and 18.
9
Suppose 7*l = l + 630. What is the greatest common factor of 15 and l?
15
Let b = -3 - -9. Let m be (-3)/(5/((-110)/b)). What is the highest common divisor of m and 77?
11
Let m be 1/((-2)/(2 + 20)). Let d = 20 + m. Calculate the highest common divisor of d and 99.
9
Let o = 0 - 4. Let h be 5/o + (-1)/(-4). Let i(a) = -6*a - 1. Let r be i(h). Calculate the highest common factor of 55 and r.
5
Let y(d) = 6*d - 5. Let m be y(2). Let l = m - 3. What is the highest common divisor of l and 32?
4
Let w be (-6)/(-1*4 - -2). Let m = -13 + 22. What is the highest common divisor of w and m?
3
Let j(w) = 2*w**3 - 10*w**2 + 7*w - 2. Let y = -8 - -14. Let s be j(y). What is the highest common factor of s and 14?
14
Suppose 0 = 4*p + 2*q + 68 + 154, 52 = -p + 3*q. Let n = -15 - p. What is the highest common factor of n and 5?
5
Let f = 8 - 1. What is the greatest common factor of f and 7?
7
Let x(o) = o**2 - 3*o. Let t be x(3). Let s be (-5)/(t - (3 - 2)). Let r = 10 - -5. What is the greatest common factor of s and r?
5
Suppose 4*r = -5*n + 45, -5*n - 1 = -6. Calculate the greatest common divisor of r and 90.
10
Let z(o) = 11*o + 21. Let a be z(0). Calculate the greatest common factor of a and 6.
3
Suppose 124 = 4*b + 5*m, -5*m - 65 = -3*b - 7. Suppose -156 = -4*n - 3*w, 2*n = 6*n + w - 156. What is the greatest common factor of n and b?
13
Suppose x + 185 = 3*y, -4*x = -3*x + 5. Calculate the greatest common divisor of y and 6.
6
Let c(i) = 5*i + 1. Suppose -2*k = -6 + 4. Let f be (4/14)/(k/7). Let b be c(f). What is the greatest common factor of 121 and b?
11
Let l = -17 - -31. What is the highest common factor of 42 and l?
14
Suppose -5*x - 3 = -2*x. Let q be (x - -2)*1 - -142. Let r be ((-2)/(-3))/((-4)/(-78)). What is the greatest common divisor of q and r?
13
Let p be (0 - 0 - 2) + 12. Suppose 2*j - p = -4. What is the greatest common divisor of 6 and j?
3
Let u be 5/((-1)/(0 + -1)). Suppose -5*c - 35 = -b, -b + 6*b + 2*c - 202 = 0. What is the greatest common factor of b and u?
5
Let a(z) be the third derivative of 11*z**5/60 + z**4/24 + z**2. Let d be a(1). Suppose 0*h - h = -48. What is the greatest common divisor of h and d?
12
Let i = 18 - 4. Let z(s) = 32*s**2 - 4*s + 3. Let f be z(2). Suppose 1 = -q, 0 = -k - q - 2*q + f. What is the greatest common factor of k and i?
14
Let i(p) = -12*p + 8. Let k be i(-6). Suppose 6*f = 4*f + 4. Suppose -4*r - f*y + 30 = -2*r, 0 = 2*r - 2*y - 34. What is the highest common divisor of r and k?
16
Let w be (0 - 5)*110/(-50). Suppose 40 = -6*h + w*h. What is the greatest common factor of 8 and h?
8
Suppose 16 = -4*t, -3*y - 4*t - 18 = -56. What is the greatest common divisor of 144 and y?
18
Suppose 2*c = -3*o - 0*o - 27, -2*c - o - 25 = 0. Let a(x) = -x**2 + 6*x - 1. Let u be a(5). Let d = u - c. What is the greatest common factor of 4 and d?
4
Let g = 602 - 417. Calculate the greatest common divisor of g and 37.
37
Let g = -74 - -239. Suppose 4*f = -0 + 20. Suppose 0 = c - 10 - f. What is the highest common divisor of c and g?
15
Let o = -31 - -75. What is the greatest common factor of o and 55?
11
Let q(n) = -n**3 + 7*n**2 - 4*n - 2. Let v be q(4). What is the greatest common divisor of 45 and v?
15
Suppose 0 = 4*z - 2*u - 150, -z - 3*z + 135 = 3*u. Let h be z/5*30*1. What is the highest common factor of h and 27?
27
Let h(p) = -p**3 - 4*p**2 + 8*p - 4. Let k be h(-6). Suppose -5*d + 35 + k = 0. Suppose 2*x + 2*x - 308 = 0. What is the highest common factor of x and d?
11
Let b(w) = -w**2 + 25*w - 40. Let c be b(17). Calculate the highest common factor of c and 6.
6
Suppose 4*g + 103 = 5*m + 6*g, -3 = 3*g. Let z = 66 - m. Let k(h) = -h + 10. Let u be k(5). Calculate the greatest common factor of z and u.
5
Let a be 0 + 6 + 4/2. Suppose 4*v + 8*v - 864 = 0. Calculate the highest common factor of v and a.
8
Suppose s - 3*s - 436 = -4*h, -5*s = 2*h - 218. Let j = 153 - h. What is the highest common factor of j and 4?
4
Let x be 3/(-21) + 302/7. What is the highest common factor of 344 and x?
43
Suppose 35 = x + 23. What is the greatest common factor of 96 and x?
12
Let p = -2 + 86. Let h be 18*5*(-8)/(-60). What is the highest common factor of p and h?
12
Let o = 4 + -2. Suppose -4*d + 5*u + 175 + 80 = 0, 125 = o*d - 3*u. Let a = 1 + 9. Calculate the highest common factor of d and a.
10
Suppose 2*d + 90 = 7*d. What is the highest common divisor of d and 45?
9
Suppose -4*m = m - 140. What is the greatest common divisor of m and 4?
4
Let w = 36 + -21. Calculate the highest common divisor of 30 and w.
15
Suppose v - 56 + 1 = 4*l, -3*l + 90 = v. Let x(k) = 2*k + 5. Let a be x(5). Calculate the highest common factor of v and a.
15
Let z = 33 + -18. What is the greatest common factor of 3 and z?
3
Let s(k) = 8*k**2 - k - 2. Let b be s(7). Let n = b - 218. Suppose -5*l = -3*u - 90, -3*l = -4*l - 4*u - 5. What is the highest common divisor of n and l?
15
Let r be (-6)/(-8) + 0 - 203/(-28). Calculate the greatest common divisor of r and 1.
1
Suppose -2*